vided by p?
0
Suppose -2*a + 3*a = -5*l - 2, 0 = 5*l. Let d be 3/a*(-8)/3. Suppose 0 = d*q - 24 + 4. What is the remainder when q is divided by 3?
2
Let x(j) = -j**3 - j**2 + 4*j. Let p be x(-3). Suppose i + 2*u = 7, -3*i - 4*u = -p*i + 1. What is the remainder when i is divided by 2?
1
Let c be 1 + 2 - (-4 - -7). Suppose c*j = -5*j + 15. What is the remainder when 3 is divided by j?
0
Suppose 2*r - 17 = -3. What is the remainder when r is divided by 2?
1
Let t = 17 + -10. Let l(j) = j**2 + 10*j + 21. What is the remainder when l(-9) is divided by t?
5
Let x(g) = g**2 - 2*g + 12. What is the remainder when x(-9) is divided by 8?
7
Let y(p) = 8*p + 8. Let n(c) = 9*c + 8. Let f(o) = 6*n(o) - 5*y(o). What is the remainder when f(4) is divided by 33?
31
Let g(j) = 97*j. What is the remainder when g(1) is divided by 25?
22
Let u(f) = -f**3 + 12*f**2 + 3*f + 15. Calculate the remainder when u(12) is divided by 19.
13
Let p be ((-5)/2)/(6/(-36)). Let m = 24 - p. Calculate the remainder when m is divided by 3.
0
Suppose 2*x + 20 = 6*x. Suppose -j - 5*y + y = -21, 0 = x*j + y - 48. Let q = 35 + -19. Calculate the remainder when q is divided by j.
7
Suppose 0 = -4*b - 101 + 29. Let d(f) = -f**3 - 3*f**2 + 6*f - 4. Calculate the remainder when d(-5) is divided by (b/8)/((-6)/24).
7
Let g(w) = -w + 12. Calculate the remainder when 33 is divided by g(0).
9
Suppose q + 3*k + 4 = 1, 0 = -5*q - k + 41. Let z = 11 + 70. Let t = -55 + z. Calculate the remainder when t is divided by q.
8
Let w(t) = -12*t + 3. Let u be w(-3). Suppose -u = -4*a + 21. Calculate the remainder when 147/5 - 2/5 is divided by a.
14
Suppose -2*g + 152 - 142 = 0. Suppose -3*p - 4*n - 36 = -8*p, -5*n = 20. What is the remainder when g is divided by p?
1
Suppose -t - 26 = -3*l - 3, 4*t = -8. Let m = -4 + l. Suppose -m*h + 24 = 3*i, -2*i - i = 12. What is the remainder when h is divided by 7?
5
Let f be 3/(15/(-8))*-5. Suppose 0 = 4*d - 0*d - 5*l, -4*d + 3*l = f. What is the remainder when 6 is divided by 6/d*(-30)/9?
2
Suppose -2*w - 92 = -6*w. Calculate the remainder when w is divided by 5.
3
Suppose 0 = -0*k - k + 31. Suppose -2*d + k = r, -5*d - 5 + 140 = 5*r. Calculate the remainder when r is divided by 12.
11
Let j be (-10)/2 + 4 + -5. What is the remainder when 19 is divided by (-134)/(-12) + 1/j?
8
Let m(d) = 4*d - 11. Let i = -3 - -8. Calculate the remainder when 34 is divided by m(i).
7
Suppose 10 = -f - f, 5*f = 5*w - 50. Suppose d = w*d + 20, -3*o + d + 8 = 0. What is the remainder when 2/10 - (-54)/30 is divided by o?
0
Suppose u + 55 = 6*u. Let y(x) = 41*x + 1. What is the remainder when y(1) is divided by u?
9
Let n(a) = -a**2 + 7*a - 7. What is the remainder when n(5) is divided by (-8)/2 + (-54)/(-15 - -6)?
1
Let m(k) = 19*k**2 - 2*k - 2. Let s be m(-2). Suppose r - s = -2*r. What is the remainder when r is divided by 14?
12
Let x(a) = 17*a + 1. Let y(r) = -2*r**2 + 37*r + 1. Calculate the remainder when y(17) is divided by x(1).
16
Suppose -a - 2*p = -16, a - 17 = -a + p. Suppose 3*q = -q - l + 252, 326 = 5*q + 4*l. Suppose -4*s + q = a. What is the remainder when s is divided by 5?
3
Suppose 2*b - 410 = 4*b. Let k = -126 - b. What is the remainder when k is divided by 16?
15
Suppose -2*w + 87 = -301. Let d = w + -136. Suppose 3*j + 24 - 80 = 2*n, -3*j - 4*n = -68. Calculate the remainder when d is divided by j.
18
Suppose -3*f = -4*f. Suppose 90 = 5*c + 4*k - f*k, 72 = 4*c - 3*k. What is the remainder when c is divided by 2*3/((-3)/(-5))?
8
Suppose 5*j - 2*i - i - 54 = 0, -15 = -3*j - 4*i. Suppose 0*l - j = -l. Suppose 0 - 165 = -5*w. Calculate the remainder when w is divided by l.
6
Let p = 4 - 2. Suppose -y - p*y - 30 = 0. Let l = -3 - y. Calculate the remainder when 13 is divided by l.
6
Suppose -n + 9 = 3*p - 6, 0 = 2*n - 3*p - 21. What is the remainder when -23*(-4 + 3) + -1 + 0 is divided by n?
10
What is the remainder when 26 is divided by 18/2*(3 + -2)?
8
Suppose -3*g = -4*g + 45. Let w(t) = -t**3 - 5*t**2 + 4*t + 11. Calculate the remainder when g is divided by w(-6).
22
Suppose 0*i = -3*i - 6, 0 = 3*u + i - 199. What is the remainder when u is divided by 14?
11
Suppose -2*q + 5*q = -2*s + 33, -5*s + 3*q + 135 = 0. What is the remainder when s is divided by 9?
6
Suppose -t + 1 = -1. Let i = 6 - t. What is the remainder when 7 is divided by i?
3
Let p(j) = -45*j**3 + 2*j**2 + 2*j + 1. What is the remainder when p(-1) is divided by 12?
10
Suppose -k - 4*t = -13 - 6, -t = -2*k + 11. What is the remainder when 18 is divided by k?
4
Suppose 0 = -6*k + 1 + 53. Let b(v) = 3*v + 5. Calculate the remainder when b(4) is divided by k.
8
Let h be 0 + -2 + (6 - -1). Suppose h*i - 4*n - 12 = 0, n - 16 = -3*i - n. Suppose i*b - 48 = 4. What is the remainder when b is divided by 5?
3
Let c = 23 - 7. Let f = -12 - -21. Calculate the remainder when c is divided by f.
7
Suppose 0 = -4*v + 7 + 17. Let f be (-1 - 2)/((-3)/(-81)). What is the remainder when ((-2)/v)/(3/f) is divided by 5?
4
Let q(v) = -v + 25. Suppose 2*l + 5 + 12 = g, 4*l - 21 = -3*g. Let k = 30 - g. Calculate the remainder when k is divided by q(18).
5
Let o = 10 + -6. Let t(d) = o*d - 2*d**2 - 3 + d**2 + 7. What is the remainder when 20 is divided by t(3)?
6
Suppose 5*i + h - 90 = 0, 0*h + 3*h = -2*i + 36. Suppose 2*t - 20 = i. What is the remainder when t is divided by 10?
9
Suppose 2*i = 4*w - 302, -4*w + 104 + 200 = -4*i. Suppose 8*a = 3*a + 15. Suppose -a*s - 57 = -6*s. Calculate the remainder when w is divided by s.
18
Let s be 1/(-2)*(-4)/(-2). What is the remainder when -1 + (-41 - s)/(-2) is divided by 7?
5
Let u = 7 + 8. Let g = 255 - 247. Calculate the remainder when u is divided by g.
7
Suppose 0 = -x + 2*x - 40. Suppose -3*g + 13 = -2*a, 0 = 2*g - 16*a + 21*a - 34. What is the remainder when x is divided by g?
5
Let a = -18 + 28. Let r be 2/(-4)*(-434)/(-7). Let v = -13 - r. Calculate the remainder when v is divided by a.
8
Let c be 2 - 0 - (2 - 2). Suppose -4*k = 3*p - 33, c*p = 2*k - 25 + 5. Calculate the remainder when k is divided by 5.
4
Let o be (-22)/(-10) + (-2)/10. Suppose o*y = y + 6. Calculate the remainder when y is divided by 3.
0
Calculate the remainder when 9 is divided by (7/(-14))/(2/(-28)).
2
Suppose 3*a = -5*y + 94, -2*a + y + y = -36. What is the remainder when 89 is divided by a?
20
Suppose -4*w - w = -120. Calculate the remainder when w is divided by 13.
11
Let q = 42 + -29. What is the remainder when 64 is divided by q?
12
Suppose 2*y = -3*y - 4*s + 26, 0 = 2*y + s - 8. Let x(h) = -3*h**2 + h**3 + 0*h**2 + 6*h + 0*h**3 - 3*h**y. Calculate the remainder when 18 is divided by x(5).
3
Let h be (-2)/(-8) - (-15)/4. Let s(n) = 6*n - 17. Let f be s(7). Suppose -5*c = -2*i - 14, -f = -2*i - i - h*c. What is the remainder when i is divided by 2?
1
Suppose -3*a - k + 147 = 0, -4*a - 37 = 3*k - 228. Suppose -l = 4*l - a. What is the remainder when 19 is divided by l?
9
Suppose 4*l = 6 + 10. Suppose l*d + 6 = 5*d. Calculate the remainder when (-2044)/(-219) + (0 - 4/(-6)) is divided by d.
4
Suppose 87 - 35 = -4*v. Suppose 0*g = -3*g + 27. Calculate the remainder when ((-13)/(-3))/(v/(-78)) is divided by g.
8
Let w be -5 + 2/6*0. Calculate the remainder when 62 is divided by (-4)/(-20) + (-79)/w.
14
Let u(h) = h**2 + 2*h + 3. Let c be u(-4). Let z(t) = 5*t - 4. What is the remainder when z(c) is divided by 13?
12
Suppose -3*w - 18 = -0. Calculate the remainder when (-3 - 0)/((-3)/8) is divided by w/(-2)*1 + 0.
2
Suppose 132 = 5*g - 3*v - v, 4*g = v + 110. Let b = 23 + -8. Calculate the remainder when g is divided by b.
13
Suppose -3*s - 15 = -30. Calculate the remainder when 17 is divided by s.
2
Let k(f) = f**2 - 8*f - 5. Let z be k(7). What is the remainder when 26 is divided by (z/(-8))/(3/28)?
12
Let i(m) = -13*m + 2. Let p be i(-3). Suppose -k - x + 34 = -3*x, -k + p = 5*x. Suppose 0*g = -3*g + k. Calculate the remainder when 22 is divided by g.
10
Suppose -2*n = 3*i - 50, -3*n + 10 = 3*i - 35. Calculate the remainder when i is divided by 8.
4
What is the remainder when 70 is divided by ((-72)/15)/((-3)/15)?
22
Let m(q) = -q**3 + q**2 - q + 8. What is the remainder when 22 is divided by m(0)?
6
Suppose 3*g = -0*g + 75. Calculate the remainder when g is divided by 14.
11
Suppose -4*n